827 a composite number?
True
Is 1883 a composite number?
True
Is 7615 a prime number?
False
Is 175901 prime?
False
Is 32177 a prime number?
False
Is 14599 composite?
True
Is 9327 a prime number?
False
Is 14597 a prime number?
False
Is 796847 prime?
True
Is 6739 a prime number?
False
Is 907 a prime number?
True
Is 61331 composite?
False
Is 27767 prime?
True
Is 224593 a composite number?
True
Is 24243 a prime number?
False
Is 187149 composite?
True
Is 26965 prime?
False
Is 1653557 composite?
False
Is 8039 prime?
True
Is 73669 a composite number?
True
Is 5219 prime?
False
Is 5099 prime?
True
Is 19457 a composite number?
False
Is 28271 a composite number?
True
Is 336261 composite?
True
Is 12929 composite?
True
Is 34211 a composite number?
False
Is 2521 a prime number?
True
Is 44819 composite?
False
Is 70607 prime?
True
Is 3151979 prime?
True
Is 685 a composite number?
True
Is 1219 a composite number?
True
Is 22067 composite?
False
Is 339407 composite?
True
Is 4645 a prime number?
False
Is 345803 a composite number?
False
Is 252509 composite?
False
Is 30757 a composite number?
False
Is 44663 prime?
False
Is 27893 a composite number?
False
Is 287 a prime number?
False
Is 6673 composite?
False
Is 1687957 a composite number?
True
Is 599477 prime?
True
Is 2467 a prime number?
True
Is 1439 composite?
False
Is 35023 prime?
True
Is 9745 composite?
True
Is 10679 a composite number?
True
Is 2321 a composite number?
True
Is 155119 a composite number?
False
Is 8114 prime?
False
Is 18341 prime?
True
Is 1624277 prime?
True
Is 12461 composite?
True
Is 950473 a prime number?
True
Is 814601 prime?
True
Is 153155 a prime number?
False
Is 14809 a prime number?
False
Is 38113 prime?
True
Is 32987 a prime number?
True
Is 4009 prime?
False
Is 16859 a prime number?
False
Is 675221 prime?
True
Is 13403 prime?
False
Is 3359033 composite?
False
Is 8663 composite?
False
Is 258887 a composite number?
False
Is 236867 prime?
True
Is 33329 prime?
True
Is 57819 prime?
False
Is 4201 composite?
False
Is 3943 composite?
False
Is 15311 a prime number?
False
Is 71966 composite?
True
Is 647099 a composite number?
False
Is 7747 a prime number?
False
Is 1128089 a composite number?
False
Is 162511 composite?
True
Is 137651 prime?
False
Is 9007 a composite number?
False
Is 5501 a composite number?
False
Is 3991 prime?
False
Is 3274 a prime number?
False
Is 2338291 a prime number?
True
Is 136151 composite?
True
Is 8129 prime?
False
Is 4699 a composite number?
True
Is 7939 a prime number?
False
Is 22583 a composite number?
True
Is 58655 prime?
False
Is 11633 a prime number?
True
Is 18013 a prime number?
True
Is 204653 a composite number?
True
Is 38167 composite?
False
Is 10454 a composite number?
True
Is 1463149 a prime number?
True
Is 37477 a prime number?
False
Is 1823 prime?
True
Is 215701 a prime number?
False
Is 26882 composite?
True
Is 4109 a composite number?
True
Is 7563 prime?
False
Is 3829 composite?
True
Is 12007 a prime number?
True
Is 313499 composite?
True
Is 2897 a prime number?
True
Is 25835 composite?
True
Is 3082021 composite?
False
Is 1318 composite?
True
Is 42751 composite?
False
Is 3449 a composite number?
False
Is 39723 a composite number?
True
Is 309046 composite?
True
Is 39279 a prime number?
False
Is 4609 composite?
True
Is 168389 a prime number?
False
Is 405031 composite?
True
Is 8843 prime?
False
Is 7609 prime?
False
Is 153061 a prime number?
False
Is 6761 a prime number?
True
Is 3152009 a prime number?
False
Is 15501 prime?
False
Is 664531 a composite number?
True
Is 859233 a prime number?
False
Is 2026 a prime number?
False
Is 195523 a prime number?
False
Is 100421 composite?
True
Is 7627 prime?
False
Is 283741 composite?
False
Is 6433 a composite number?
True
Is 28459 composite?
True
Is 689621 a prime number?
True
Is 307 a prime number?
True
Is 38051 a composite number?
True
Is 59497 a prime number?
True
Is 484171 a prime number?
True
Is 440783 a prime number?
False
Is 223898 composite?
True
Is 5963 prime?
False
Is 90322 prime?
False
Is 14349 composite?
True
Is 591859 a composite number?
True
Is 16631 a composite number?
False
Is 2503 prime?
True
Is 67307 composite?
False
Is 322669 composite?
False
Is 9033 a composite number?
True
Is 6497 a composite number?
True
Is 143043 prime?
False
Is 201899 prime?
False
Is 296909 a prime number?
True
Is 48563 composite?
False
Is 9147 composite?
True
Is 146563 composite?
False
Is 170099 composite?
False
Is 97339 a composite number?
True
Is 228793 a composite number?
False
Is 5333 composite?
False
Is 102467 composite?
True
Is 249287 prime?
True
Is 538199 composite?
False
Is 6557 prime?
False
Is 13994 a composite number?
True
Is 246166 a prime number?
False
Is 7739 prime?
False
Is 1307389 composite?
True
Is 175129 a prime number?
True
Is 64211 a composite number?
True
Is 6547 a prime number?
True
Is 43913 prime?
True
Is 282221 composite?
False
Is 48629 a prime number?
False
Is 94277 prime?
False
Is 17287 prime?
False
Is 1191 a prime number?
False
Is 1949 a prime number?
True
Is 9467 a prime number?
True
Is 10937 composite?
False
Is 24823 composite?
True
Is 5153 composite?
False
Is 235483 a composite number?
False
Is 1571657 a prime number?
True
Is 21787 prime?
True
Is 811661 prime?
False
Is 72241 prime?
False
Is 54779 a composite number?
False
Is 2099 composite?
False
Is 271753 composite?
False
Is 3922231 prime?
True
Is 535105 a composite number?
True
Is 7897 a prime number?
False
Is 32183 a composite number?
False
Is 797 a composite number?
False
Is 5557 a prime number?
True
Is 2161 a prime number?
True
Is 75241 composite?
True
Is 8269 a composite number?
False
Is 4105 a prime number?
False
Is 643459 a composite number?
True
Is 35227 a composite number?
False
Is 604983 prime?
False
Is 29473 composite?
False
Is 13963 a prime number?
True
Is 23701 a composite number?
True
Is 134311 composite?
True
Is 253229 composite?
False
Is 59151 a prime number?
False
Is 10597 a composite number?
False
Is 112459 a composite number?
False
Is 61891 a composite number?
True
Is 384653 prime?
False
Is 1227 a composite number?
True
Is 1497149 a composite number?
False
Is 3722 a prime number?
False
Is 395633 a prime number?
False
Is 18455 a composite number?
True
Is 9487 prime?
False
Is 74257 a prime number?
True
Is 365857 a prime number?
False
Is 27442 a composite number?
True
Is 161153 prime?
False
Is 631843 a composite number?
False
Is 69605 a composite number?
True
Is 39857 prime?
True
Is 88211 prime?
True
Is 809119 prime?
False
Is 128365 prime?
False
Is 16663 a prime number?
False
Is 390341 a prime number?
False
Is 294985 a composite number?
True
Is 104243 a composite number?
False
Is 171905 composite?
True
Is 53659 composite?
True
Is 1973 a prime number?
True
Is 476243 composite?
False
Is 49253 a prime number?
True
Is 1861219 composite?
False
Is 5507 a composite number?
False
Is 6247 prime?
True
Is 26141 a composite number?
False
Is 221861 composite?
True
Is 194518 a prime number?
False
Is 26409 a composite number?
True
Is 200117 a prime number?
True
Is 439891 composite?
False
Is 91631 composite?
False
Is 3578 a prime number?
False
Is 62209 composite?
True
Is 8069 composite?
False
Is 11929 a prime number?
False
Is 347 a prime number?
True
Is 1060567 a prime number?
True
Is 248027 a composite number?
True
Is 127807 a prime number?
True
Is 36187 a composite number?
False
Is 908993 a composite number?
False
Is 1541 a composite number?
True
Is 27253 prime?
True
Is 674903 a prime number?
True
Is 64421 a prime number?
False
Is 95809 a prime number?
False
Is 97 a prime number?
True
Is 46601 a composite number?
False
Is 113759 prime?
True
Is 9493 a composite number?
True
Is 164435 a prime number?
False
Is 3882049 a prime number?
False
Is 954619 a prime number?
True
Is 63663 a prime number?
False
Is 60847 prime?
False
Is 7169 composite?
True
Is 469 prime?
False
Is 10559 a composite number?
False
Is 463741 prime?
True
Is 1949 a composite number?
False
Is 1083659 a prime number?
True
Is 60019 a prime number?
False
Is 16503 a composite number?
True
Is 780799 prime?
True
Is 47459 a prime number?
True
Is 1535471 prime?
False
Is 57881 a prime number?
True
Is 762647 composite?
False
Is 28211 prime?
True
Is 404929 a prime number?
False
Is 21661 a prime 